 of 2?
False
Does 12 divide 11896?
False
Is 16 a factor of 22800?
True
Is 65 a factor of 10876?
False
Is 5069 a multiple of 69?
False
Is 19 a factor of 7437?
False
Is 975 a multiple of 65?
True
Does 35 divide 33810?
True
Does 46 divide 240?
False
Is 7866 a multiple of 6?
True
Is 3619 a multiple of 37?
False
Is 8154 a multiple of 14?
False
Is 17 a factor of 37706?
True
Does 175 divide 93975?
True
Is 2057 a multiple of 10?
False
Is 693 a multiple of 9?
True
Is 42 a factor of 927?
False
Is 5 a factor of 6418?
False
Does 338 divide 47320?
True
Is 1370 a multiple of 19?
False
Does 23 divide 1196?
True
Is 68 a factor of 33467?
False
Is 1389 a multiple of 12?
False
Does 39 divide 43356?
False
Does 108 divide 19224?
True
Is 5 a factor of 15?
True
Does 53 divide 1590?
True
Is 4 a factor of 2912?
True
Is 93 a factor of 5487?
True
Is 25 a factor of 1187?
False
Is 27618 a multiple of 20?
False
Is 4 a factor of 636?
True
Is 4 a factor of 3175?
False
Is 1418 a multiple of 22?
False
Is 64 a factor of 1361?
False
Is 59 a factor of 5026?
False
Is 798 a multiple of 19?
True
Is 26 a factor of 418?
False
Is 9 a factor of 288?
True
Is 121 a factor of 14036?
True
Does 6 divide 1265?
False
Does 5 divide 300?
True
Is 447 a multiple of 2?
False
Does 5 divide 326?
False
Is 106386 a multiple of 21?
True
Is 39 a factor of 41132?
False
Is 59 a factor of 9381?
True
Is 6 a factor of 2142?
True
Does 131 divide 6740?
False
Is 78 a factor of 1638?
True
Is 6 a factor of 180?
True
Is 5 a factor of 5537?
False
Is 2983 a multiple of 13?
False
Is 6155 a multiple of 4?
False
Is 3462 a multiple of 3?
True
Does 20 divide 2000?
True
Is 34 a multiple of 2?
True
Is 3332 a multiple of 14?
True
Does 4 divide 340?
True
Does 6 divide 168?
True
Does 12 divide 36996?
True
Is 1440 a multiple of 24?
True
Is 165 a factor of 22440?
True
Is 2336 a multiple of 11?
False
Is 764 a multiple of 18?
False
Does 8 divide 1128?
True
Does 47 divide 423?
True
Is 81925 a multiple of 230?
False
Is 19 a factor of 5871?
True
Is 10 a factor of 3640?
True
Is 5683 a multiple of 11?
False
Is 25 a factor of 696?
False
Is 476 even?
True
Is 1063 a multiple of 52?
False
Is 877 a multiple of 19?
False
Is 219 a factor of 20586?
True
Does 12 divide 924?
True
Is 120 even?
True
Is 266 a multiple of 19?
True
Does 24 divide 258?
False
Is 9 a factor of 1325?
False
Does 29 divide 580?
True
Does 15 divide 1590?
True
Is 1309 even?
False
Is 119 a multiple of 7?
True
Is 17 a factor of 101252?
True
Is 35 a factor of 4340?
True
Is 9646 a multiple of 106?
True
Does 35 divide 10712?
False
Is 14410 a multiple of 55?
True
Does 16 divide 9048?
False
Does 14 divide 170?
False
Is 508 a multiple of 9?
False
Does 23 divide 1405?
False
Is 210 even?
True
Is 181 a multiple of 20?
False
Does 11 divide 1298?
True
Is 3 a factor of 215?
False
Is 186750 a multiple of 65?
False
Does 19 divide 16460?
False
Is 509 a multiple of 2?
False
Is 53 a factor of 32387?
False
Does 195 divide 26520?
True
Is 5082 a multiple of 31?
False
Is 3656 a multiple of 72?
False
Does 13 divide 1183?
True
Does 23 divide 49506?
False
Is 728 a multiple of 5?
False
Does 16 divide 9945?
False
Is 14 a factor of 1400?
True
Does 15 divide 13655?
False
Is 17 a factor of 6545?
True
Does 85 divide 1394?
False
Does 47 divide 56?
False
Does 12 divide 468?
True
Is 33 a factor of 558?
False
Is 14 a factor of 525?
False
Is 256 a multiple of 16?
True
Is 951 a multiple of 12?
False
Does 17 divide 2397?
True
Is 73 a factor of 6570?
True
Is 54 a factor of 14195?
False
Is 3660 a multiple of 15?
True
Is 4047 a multiple of 16?
False
Is 9 a factor of 39014?
False
Is 15 a factor of 590?
False
Is 440 a factor of 112640?
True
Is 21 a factor of 1426?
False
Is 16662 a multiple of 32?
False
Is 47 a factor of 747?
False
Is 6 a factor of 339?
False
Is 16 a factor of 800?
True
Does 154 divide 13716?
False
Is 31 a factor of 658?
False
Is 74 a factor of 20212?
False
Is 8 a factor of 12168?
True
Is 13 a factor of 11284?
True
Does 58 divide 11542?
True
Is 24 a factor of 1800?
True
Is 7 a factor of 948?
False
Is 10 a factor of 116?
False
Is 811 a multiple of 75?
False
Is 708 a multiple of 76?
False
Is 19 a factor of 567?
False
Is 27 a factor of 26528?
False
Does 56 divide 13539?
False
Does 88 divide 694?
False
Is 529 a multiple of 23?
True
Does 47 divide 1974?
True
Does 34 divide 40306?
False
Does 59 divide 1505?
False
Is 42 a factor of 4233?
False
Does 184 divide 16008?
True
Does 109 divide 29321?
True
Is 23 a multiple of 3?
False
Is 3102 a multiple of 54?
False
Does 13 divide 3350?
False
Does 52 divide 156?
True
Is 262 a multiple of 7?
False
Does 36 divide 1404?
True
Is 74 a factor of 13838?
True
Is 644 a multiple of 28?
True
Is 69 a factor of 9574?
False
Does 9 divide 203?
False
Does 2 divide 265?
False
Is 2 a factor of 402?
True
Does 34 divide 7974?
False
Is 9349 a multiple of 8?
False
Is 1384 a multiple of 28?
False
Does 11 divide 286?
True
Is 10892 a multiple of 7?
True
Is 23409 a multiple of 13?
False
Is 17 a factor of 1768?
True
Is 67 a multiple of 13?
False
Does 18 divide 126?
True
Is 7040 a multiple of 32?
True
Is 335 a multiple of 11?
False
Is 47 a factor of 7379?
True
Is 3 a factor of 1841?
False
Does 4 divide 321?
False
Is 9152 a multiple of 64?
True
Is 71 a factor of 7881?
True
Is 40 a multiple of 4?
True
Is 3445 a multiple of 13?
True
Does 9 divide 11583?
True
Is 2 a factor of 1136?
True
Does 18 divide 3834?
True
Is 869 a multiple of 13?
False
Is 1690 a multiple of 13?
True
Does 17 divide 561?
True
Does 32 divide 3776?
True
Does 85 divide 15501?
False
Is 4794 a multiple of 94?
True
Is 48 a factor of 720?
True
Is 1393 a multiple of 7?
True
Does 13 divide 2078?
False
Does 6 divide 99?
False
Is 74569 a multiple of 11?
True
Is 1024 a multiple of 32?
True
Does 30 divide 1470?
True
Is 25 a factor of 2878?
False
Does 6 divide 15324?
True
Is 51 a factor of 969?
True
Does 20 divide 531?
False
Is 6400 a multiple of 10?
True
Is 41544 a multiple of 35?
False
Is 2809 a multiple of 14?
False
Is 53 a factor of 1320?
False
Does 8 divide 312?
True
Is 5 a factor of 123?
False
Is 4 a factor of 920?
True
Is 788 a multiple of 18?
False
Does 8 divide 827?
False
Is 13764 a multiple of 27?
False
Is 8205 a multiple of 10?
False
Does 17 divide 3706?
True
Is 896 a multiple of 40?
False
Is 615 a multiple of 9?
False
Does 17 divide 21828?
True
Is 205 a multiple of 63?
False
Is 559 a multiple of 7?
False
Does 64 divide 2752?
True
Is 1979 a multiple of 35?
False
Does 44 divide 6030?
False
Does 32 divide 363?
False
Is 539 a multiple of 2?
False
Does 24 divide 2822?
False
Is 4 a factor of 312?
True
Is 54 a factor of 4815?
False
Is 767 a multiple of 59?
True
Is 55 a factor of 3520?
True
Does 6 divide 38807?
False
Does 105 divide 611?
False
Is 16 a factor of 304?
True
Does 128 divide 6553?
False
Is 17 a factor of 2482?
True
Is 145 a multiple of 9?
False
Does 9 divide 1507?
False
Is 13 a factor of 91?
True
Does 6 divide 1230?
True
Does 17 divide 52275?
True
Is 101 a factor of 1818?
True
Does 15 divide 855?
True
Does 13 divide 1495?
True
Is 27 a factor of 5423?
False
Is 6 a factor of 1056?
True
Does 19 divide 190?
True
Is 813 a multiple of 42?
False
Does 111 divide 1567?
False
Does 101 divide 6380?
False
Does 11 divide 29431?
False
Does 11 divide 4092?
True
Does 4 divide 16812?
True
Does 7 divide 707?
True
Is 22 a factor of 9504?
True
Is 5 a factor of 17403?
False
Does 22 divide 1716?
True
Is 41 a factor of 32492?
False
Is 616 a multiple of 77?
True
Is 3503 a multiple of 31?
True
Does 3 divide 330?
True
Is 38513 a multiple of 21?
False
Does 66 divide 15233?
False
Is 144 a multiple of 6?
True
Is 8760 a multiple of 12?
True
Is 63621 a multiple of 134?
False
Is 3341 a multiple of 17?
False
Is 13 a factor of 3640?
True
Is 2916 a multiple of 3?
True
Is 23 a factor of 161?
True
Is 101 a factor of 3659?
False
Does 22 divide 607?
False
Is 846 a multiple of 47?
True
Is 250 a factor of 3000?
True
Is 392 a multiple of 14?
True
Is 29563 a multiple of 17?
True
Is 750 a multiple of 50?
True
Is 5458 a multiple of 7?
False
Does 17 divide 84?
False
Is 26 a factor of 9828?
True
Is 41430 a multiple of 37?
False
Is 153 a multiple of 51?
True
Does 118 divide 9801?
False
Is 363 a multiple of 5?
False
Is 64 a factor of 3392?
True
Does 6 divide 366?
True